 - 6*b - 2. What are the prime factors of o(-2)?
2, 5
What are the prime factors of 2/(-5) - 396/(-15)?
2, 13
Let z(x) = -35*x + 44. What are the prime factors of z(-6)?
2, 127
Let j = -8 + 12. Suppose -j*v = -6*v + 6. What are the prime factors of v?
3
Let k(w) = 12*w. List the prime factors of k(8).
2, 3
Suppose 4*w - 1491 = -395. List the prime factors of w.
2, 137
Let d = 43 + 20. What are the prime factors of d?
3, 7
Let m = 174 - 93. What are the prime factors of m?
3
Suppose -5*l - 180 = -0*c + 5*c, -4*c + 2*l = 168. Let v = -27 - c. What are the prime factors of v?
13
Suppose 3*q - 5*i - 40 = 0, -4*i = -q - 3*i + 10. Suppose 0 = -q*s + 18 + 42. List the prime factors of (32/s)/((-2)/(-6)).
2
Let s be (3/(-1) - -1) + 3. Suppose -3*x = -6, 5*v - 3*x + s - 25 = 0. What are the prime factors of 39/v - 3/(-2)?
2
Suppose -7*f = -6*f - 8. Suppose 5*b - 2*u - 79 = 0, -5*u - f = -u. What are the prime factors of b?
3, 5
Suppose 4*u = 4*c - 592, -c + 152 = -u - u. Suppose -2*v + c = 2*v. List the prime factors of v.
2, 3
What are the prime factors of -50*(3 - (-33)/(-6)) - 2?
3, 41
Let d(s) be the third derivative of s**4/8 + s**3/2 - 2*s**2. Let v be d(-3). List the prime factors of 5 + -4 - (1 + v).
2, 3
Let t = -30 - 24. What are the prime factors of (-4)/6*t/4?
3
Suppose 4 = -w - 0. Let z be w/20 + (-36)/(-5). Suppose 3*x + 2*x = -r + z, -r + 10 = 2*x. What are the prime factors of r?
2, 3
Suppose -5*l - 21 = -3*w - w, -3*l + 3*w - 12 = 0. List the prime factors of (l + 2)/((-9)/57).
19
Let i(l) = 6*l**2 + 2*l - 4. Let n(a) = -3 + 3*a**2 + 5*a**2 - 3*a**2 + 3*a. Let q(z) = -6*i(z) + 7*n(z). What are the prime factors of q(7)?
17
Let k be -1 + 6 + (-1 - 1). Suppose -3*z = -5*p + 14, 6*p - 2*p + 5 = -k*z. Suppose -2*m + p = -3. What are the prime factors of m?
2
Let u = -37 - -13. Let y = u + 35. What are the prime factors of y?
11
Let j be 33 - (-2 + 5 + -1). List the prime factors of (j - (-2 + 2)) + -1.
2, 3, 5
Let b = -62 + 95. List the prime factors of b.
3, 11
Suppose 3*u + f = -4*f + 31, -2*u + 9 = f. What are the prime factors of (-57)/(-6) - u/(-4)?
2, 5
Suppose 0 = -5*u - 2*o + 1 + 152, 3*u = 5*o + 67. List the prime factors of u.
29
Let q be (2 - (-3 - -2))/(-1). Let k = 4 + q. Let s(x) = 5*x**3 + 2*x**2 - 1. List the prime factors of s(k).
2, 3
Let l(g) = -3*g + 6. Let o be (10/8)/((-8)/32). What are the prime factors of l(o)?
3, 7
What are the prime factors of 12*((-280)/(-15))/7?
2
Let j(g) = -9*g + 3. What are the prime factors of j(-3)?
2, 3, 5
What are the prime factors of 2 - -29*(-1)/(-1)?
31
Suppose -9*r = -8*r - 50. Let y = r + -24. List the prime factors of y.
2, 13
Let h(c) = -c**3 + 14*c**2 - 12*c - 15. List the prime factors of h(11).
2, 3
Let m = 1 - -2. Suppose m*z - 3*f = -51, -f = 2*f + 15. Let k = -15 - z. List the prime factors of k.
7
Suppose -2*m - 10 = -0*m. Let v = 11 + m. What are the prime factors of v?
2, 3
Let y(p) = -p + 1. Let m = 4 + 0. Suppose 3*w = -2*l - 23, -2*w + 7*w + 41 = -m*l. List the prime factors of y(l).
5
Let w = 133 - 74. Suppose -5*b + b + w = -5*k, -b = -2*k - 17. What are the prime factors of b?
11
Let d be ((-2)/4)/(2/(-12)). Suppose 8 = v + 4*y, 4*v + 5*y = d*v + 9. List the prime factors of v + (1 - 5 - -2).
2
What are the prime factors of (5 - -8)/(-4 - -5)?
13
Let s(n) = 73*n**2 - 2 - 217*n**2 + 1 - n. Let v be s(-1). List the prime factors of v/(-14) - (-2)/(-7).
2, 5
Let i(u) = -u**2 - 7*u - 7. Let o be i(-4). Suppose 0 = o*q - q - 144. List the prime factors of q.
2, 3
Suppose -j + 64 = j. What are the prime factors of j?
2
Let k = -2 - -2. Suppose 100 = 5*c - k*c. List the prime factors of c.
2, 5
Suppose 86 = s + 8. Suppose -186 = 2*f + s. What are the prime factors of (-2)/8 - f/16?
2
Let z be (-1)/3 + 4/(-6). Let q be (-4)/(-6)*(z + 25). Suppose 3*y = 2*r - 17, -38 - q = -5*r - 4*y. List the prime factors of r.
2, 5
Let o(w) = -16*w - 17. Let i(s) = 5*s + 6. Let h(z) = 7*i(z) + 2*o(z). What are the prime factors of h(7)?
29
Let o = -1 - -20. Suppose -2*h + u + o = -h, 2*h = 5*u + 23. Let v = -2 + h. List the prime factors of v.
2, 11
Suppose -19*w = -22*w + 243. List the prime factors of w.
3
Suppose 3*c = 8*c + 5. Let t be c - -4*(-43)/(-2). Suppose -t = -i - 4*i. What are the prime factors of i?
17
Let f(g) = -3*g - 5. What are the prime factors of f(-9)?
2, 11
Let z be 50/(-15)*24/(-10). Suppose 0 = r - 3*r + 2*i, -2*r - z = -4*i. Let h(s) = -s**3 + 5*s**2 - 4*s + 5. What are the prime factors of h(r)?
5
Let h(m) = -m - 4. Let n be h(-10). What are the prime factors of n*(2 - -1 - 1)?
2, 3
Let w be (11/2)/((-2)/(-8)). List the prime factors of (-2 - (-14)/4)*w.
3, 11
Let r(s) = -s**3 - s**2 + s + 2. Let a(n) = 4*n**2 - n. Let i be a(-1). Let c(f) = f - 5. Let z be c(i). List the prime factors of r(z).
2
Let i = 8 + 7. What are the prime factors of (265/i)/(2/6)?
53
Suppose 68 - 16 = 2*y. What are the prime factors of y?
2, 13
Let j(n) = n**2 + 5*n + 5. Let d be j(-4). Let r(y) = 2*y - 15. Let m be r(5). Let s = d - m. What are the prime factors of s?
2, 3
Let f(b) = -2*b**3. Let r be f(-1). Let t = r + 0. What are the prime factors of t?
2
What are the prime factors of 4 - (-87)/(-6)*-4?
2, 31
Let y = -18 - -28. What are the prime factors of y?
2, 5
Let u be (2 + 6/(-3))/(-2). Suppose -2*i + 3*j + 27 = u, 6*j = -3*i + 2*j - 2. List the prime factors of (i/4)/(3/4).
2
Let w(g) = g**2 - 4*g + 4. Let x(s) = -s**2 - 3*s + 3. Let f be x(-3). Let c be f + 6/(1 - -2). List the prime factors of w(c).
3
Let h = 6 + 2. Let c = 17 - h. What are the prime factors of c?
3
Let m = 0 + -2. Let i be (6/4)/((-1)/m). Let d = i - -2. List the prime factors of d.
5
Suppose -3*h - 2*h + 460 = 0. List the prime factors of (h/(-16))/(4/(-32)).
2, 23
Let a(h) be the first derivative of -h**4/4 + h**3/3 + h**2 + 4*h - 3. What are the prime factors of a(-2)?
2, 3
Let m = -32 - -16. Let q = m + 42. List the prime factors of q.
2, 13
Suppose 89 = 5*f + 4. List the prime factors of f.
17
Suppose 2*h = c - h, -c = -h. Let z = 20 + -17. Suppose 42 = -c*s + z*s. What are the prime factors of s?
2, 7
Let c(d) be the first derivative of d**2/2 + 7*d + 1. Suppose -5*f - 16 = 4*k, -f + 4*k - 12 = f. List the prime factors of c(f).
3
Let n be (1 + 5 + -1)*1. Let z = n - 3. Let d = 5 - z. List the prime factors of d.
3
Suppose q + 4*a = 23 - 2, 2*q - 30 = -2*a. List the prime factors of q.
13
Suppose 4*m + 28 = 4*z, -4*m + 2*z - 6 - 30 = 0. Let p = -5 - m. Suppose 0 = 3*o + p - 42. List the prime factors of o.
2, 3
Suppose 0 = -3*d - s + 406, -2*d - 3*s = 2*d - 538. List the prime factors of d.
2, 17
Let z(c) = -2*c - 10. What are the prime factors of z(-9)?
2
Let p = 16 - 22. Let g = p + 6. Suppose -4*w + 2 + 38 = g. List the prime factors of w.
2, 5
Suppose u = 5*m + 367, 1088 = -u + 4*u - 2*m. What are the prime factors of u?
2, 181
Let h be (3/2)/((-6)/(-8)). Suppose 0 = 4*g + b - 22, h*b + 6 = g - 4. List the prime factors of g.
2, 3
Let l(v) = 7*v - 2. Let c(a) = 7*a - 2. Let r(h) = -4*c(h) + 3*l(h). Let d be r(-4). Suppose 5*g = 2*g + d. What are the prime factors of g?
2, 5
Let v(d) = 2*d**2 - d + 1. Let x be v(1). Suppose -3*h = -23 + x. What are the prime factors of h?
7
Suppose -316 - 328 = -5*o - 4*m, -4*m + 516 = 4*o. What are the prime factors of o?
2
Suppose 0 = -3*x - x + 4. List the prime factors of 1 + -4 + 7 - x.
3
Let k(l) = -2*l + 3. Let a = -1 - -3. Let h(z) = -2*z - 2. Let s be h(a). What are the prime factors of k(s)?
3, 5
Suppose -3*m = -m - 56. What are the prime factors of m?
2, 7
Let i(s) = s**3 + 11*s**2 + 6*s - 12. Let w be i(-10). Suppose -6*c = -5*c. Suppose c = 4*b + 4*v - w, 3*b - 3*v = 12 + 15. List the prime factors of b.
2
Let j be (-3 + 2 + 0)/(-1). Let w = 6 - j. List the prime factors of w.
5
Let u be 9*5/(15/2). Let f be (-1182)/(-21) - u/21. Let i = -34 + f. What are the prime factors of i?
2, 11
Let m(v) = 5*v**2 - 4*v - 10. Let d(a) = 11*a**2 - 7*a - 20. Let g(x) = 4*d(x) - 9*m(x). Let u be g(9). What are the prime factors of (u/3)/((-7)/(-42))?
2
Suppose j = -4*x - 0*x + 5, -3*x + 33 = 3*j. What are the prime factors of j?
13
Let n(h) be the first derivative of -h**4/4 + 2*h**3 - 5*h**2/2 - 3*h - 9. List the prime factors of n(4).
3
Let i be -10 - -1*(-2)/1. 